*a - 6*a + a**2. Calculate w(-9).
-2
Let b = 61 - 59. Let u(t) = -2*t**2 + 2*t - 2. Determine u(b).
-6
Suppose x = 1 + 2. Let y(h) = -5*h**3 - 2*h**2 - 7*h - 1. Suppose 3*w - 22 + 1 = 0. Let l(z) = 2*z**3 + z**2 + 3*z. Let m(a) = w*l(a) + x*y(a). Calculate m(0).
-3
Let m(a) = -4*a**2 + a + 1. Let n(x) = -x**3 - 2*x**2 + 2*x - 1. Let w be n(1). Let z be 2*w*(-3)/(-12). Calculate m(z).
-4
Let p(k) = 4*k**2 - 4*k + 3. Let o(v) = v**2 - 7*v + 8. Let d be o(6). Let w be p(d). Suppose 1 - w = 2*f. Let j(i) = -i**2 - 4*i + 4. Calculate j(f).
-1
Let d(r) = -6 - 3*r - r**2 + 0*r**2 + 8*r**3 - 4*r. Let x(i) = -7*i**3 + i**2 + 6*i + 5. Let p(s) = 4*d(s) + 5*x(s). Determine p(-1).
3
Suppose 18 = j + 5*q, 11*j + 4 = 15*j + 3*q. Let r(x) = 5*x**2 + 3*x + 3. Determine r(j).
17
Let b(d) = -9*d**2 + 4*d - 1. Let l(z) = 18*z**2 - 9*z + 3. Let g(v) = 5*b(v) + 2*l(v). What is g(-1)?
-10
Let i = -6 + 10. Let c(g) be the second derivative of -1/4*g**4 - 2/3*g**3 + 1/20*g**5 + 0 + 3*g**2 + 4*g. What is c(i)?
6
Let y(q) = q - 2. Suppose 5*h + d - 37 = 18, 0 = -4*d. Suppose 5*g = 4 + h. Let p be y(g). Let a(k) = -6*k**3 + k**2 + k - 1. Determine a(p).
-5
Let a(i) = 8*i**3 - i + 1. Let x be ((-9)/(-6))/((-3)/(-2)). Determine a(x).
8
Let s(m) = -4*m**3 - 10*m**2 - 4*m + 2. Let c(z) = z**3 + z**2 + z. Let i(l) = 5*c(l) + s(l). What is i(2)?
-8
Let q(x) = 5*x + 4. Suppose -8*v - 22 = 10. Give q(v).
-16
Let l = 0 - -1. Let a be (-2)/(0 - (l - -1)). Let o(p) = 3*p**3 + p. Let n be o(a). Let j(y) = 3*y - 5. Determine j(n).
7
Let o(b) be the first derivative of b**5/12 - b**3/6 - b**2/2 - 1. Let p(u) be the second derivative of o(u). Let t = 3 + -2. Give p(t).
4
Let w(p) = p**3 + 6*p**2 - 4. Let o = -27 - -16. Let g = o + 5. Determine w(g).
-4
Let y(m) be the first derivative of 1/4*m**4 - 7*m - 2*m**3 + 8 + 1/2*m**2. Give y(6).
-1
Let m(z) = -7*z**2 + 20*z**2 + 7 + z - 12*z**2. Determine m(0).
7
Let o(a) = 2*a**2 + 2*a + 1. Suppose -i + 10 = 4*x + i, 0 = 5*x - i + 5. Suppose -3*v - 2*v - 10 = x. What is o(v)?
5
Suppose -2*x + 5*x = 12. Let m(v) = 6*v**2 + v - 9. Let r(g) = 7*g**2 + 2*g - 10. Let y(z) = 6*m(z) - 5*r(z). Calculate y(x).
-4
Let y(u) = -u. Let z = 7 + -7. Let w = z + -3. Give y(w).
3
Suppose 2*u = 10 + 212. Let k be 4/14 - u/21. Let o(a) = -a**2 - 7*a - 6. What is o(k)?
4
Let f(r) = -r**3 - 8*r**2 + 9*r - 4. Let d(s) = 2*s**3 + 15*s**2 - 17*s + 8. Let m(x) = 4*d(x) + 7*f(x). Give m(-5).
4
Let r be 8/3*(-66)/44. Let p(s) = -4*s + 1. Let h(a) be the second derivative of 5*a**3/6 - a**2/2 + a. Let w(i) = -5*h(i) - 6*p(i). Calculate w(r).
3
Let t(j) = -1 + 3 + 3*j - 3 + j**2. Let q be t(-4). Let x be (2 - q)*(-5)/1. Let i(d) = -d - 2. Calculate i(x).
-7
Let s(z) be the first derivative of -z**6/360 - z**4/8 - z**3 - 5. Let j(t) be the third derivative of s(t). Give j(0).
-3
Let b(n) = n**2 + 6*n + 1. Suppose 4*t - 2*t + 22 = 0. Let k = t - -5. Let a = k - -3. Calculate b(a).
-8
Let j be (-2 - -4) + (-4)/2. Let o(m) = 5 - m + 1 + 0. Calculate o(j).
6
Let p(j) = 1 + 3*j - 4*j + 23*j**2 - 14*j**2 - 2. What is p(-1)?
9
Let h(m) = -m + 13. Let r be 1 - 4 - 1 - -1. Let f be (9/(-6))/(r/14). Calculate h(f).
6
Let l = -6 + 11. Let g = l + -5. Suppose -u - 1 + 0 = f, u - 5 = g. Let o(i) = i**3 + 6*i**2 - i - 4. Determine o(f).
2
Let z be -22*((-5)/(-2) + -3) + -3. Let d(g) = g**2 - 7*g. What is d(z)?
8
Suppose 5*z = -23 - 2. Let j(k) = -k**2 - 6*k + 1. Calculate j(z).
6
Let w be -1*(-1)/(-3)*-3. Let n(x) = -7*x**2 - 4*x + 3. Let u(a) = a**2 - a + 1. Let t(o) = -n(o) + 2*u(o). Give t(w).
10
Let r(t) = -t**3 + 6*t**2 - 2. Let w be r(6). Let a(j) = -j**3 - 4*j**2 + 3*j + 3. What is a(w)?
-11
Let j(f) = -11*f**2 - 7*f + 6. Let c(h) = -5*h**2 - 3*h + 3. Let p(i) = -9*c(i) + 4*j(i). Determine p(3).
3
Let k(v) = v**3 - 3*v**2 + 5*v - 3. Let a(l) = -14*l - 14. Let y(w) = 5*w + 5. Let h(o) = 6*a(o) + 17*y(o). Let q be h(2). What is k(q)?
12
Let m(w) = w**2 - 7*w + 6. Let y be 2 - ((-6)/(-4)*4)/(-1). Give m(y).
14
Suppose k - 3 = 4*k. Let q(j) = -7*j. What is q(k)?
7
Let k(g) be the second derivative of g**4/4 - g**3/3 - g**2/2 - 6*g. Calculate k(-1).
4
Let m be -1 - -1 - 0/(-1). Let r(o) = 7*o + 17. Let b(l) = -20*l - 50. Let i(p) = p**2 + 7*p - 5. Let n be i(-4). Let s(k) = n*r(k) - 6*b(k). Give s(m).
11
Let y = -115 - -119. Let c(b) = b**2 - 6*b. Give c(y).
-8
Let q(m) be the second derivative of m**3/6 - 2*m**2 - 5*m. Let r(x) = -x - 2. Let c be r(-8). Calculate q(c).
2
Let v(i) = -4*i**3 - 4*i**2 + 5. Let w(l) be the third derivative of -l**6/120 - l**5/60 + 4*l**2. Let t(f) = -v(f) + 3*w(f). Let u = 2 + -2. Determine t(u).
-5
Let t(i) = -i - 4. Let s = -19 + 29. Suppose -3*o = -o + s. What is t(o)?
1
Let r be (2 - 0)/((-3)/96). Suppose -6*g + 3*g + 3 = 0. Let p be g/(-3) + r/(-12). Let x(t) = t**3 - 4*t**2 - 5*t - 7. Determine x(p).
-7
Let i(b) = 2 - b**2 + 2*b**2 + 0. Suppose -w = -w - 3*w. What is i(w)?
2
Let s(b) = b**2 + 2*b + 2. Let p(n) = n**3 + 10*n**2 + 8*n - 11. Let h be p(-9). Let i be s(h). Let j(x) = 4*x + i + 1 + x**2 + x. Give j(-3).
-3
Let k = -10 + 13. Let r(o) = 2*o - o + 8*o + 2 - k. What is r(1)?
8
Let a be (1/4)/(2/8). Let r = a + 2. Let s(y) = 2*y**3 - 3*y + 2*y**r + 5*y**2 - 5*y**3. Calculate s(4).
4
Let b be 12*(10/4 + -2). Let z(f) be the first derivative of f**3/3 - 2*f**2 - 2*f + 7. Determine z(b).
10
Let a(j) = 7*j**2 + 5*j + 1. Let d(w) = 6*w**2 + 5*w. Let x(n) = 5*a(n) - 6*d(n). Suppose c + 3*c = -24. Determine x(c).
-1
Let o = -4 + -2. Let x(p) = -p**3 - 7*p**2 - 7*p - 5. Calculate x(o).
1
Let v(g) = -g**3 + 6*g**2 - 6*g + 2. Let j be ((-18)/(-24))/(6/40). Determine v(j).
-3
Let x(t) = -21*t - 25*t + 49*t + 3. Suppose -q + 5 - 1 = 0. Suppose -5*m - q*s = 16, 10 + 11 = -4*m + 5*s. Calculate x(m).
-9
Let g = 139/3 - 46. Let f(l) be the first derivative of 4*l - 1 - g*l**3 - 2*l**2. Give f(-5).
-1
Let w(c) = 0 - c**2 + 6*c - 8 + 1 + 2. Give w(4).
3
Let h(m) = 5*m**2 - 5. Let x(g) = -6*g**2 - g + 6. Let n(k) = 5*h(k) + 4*x(k). Calculate n(5).
4
Suppose -j - 4 + 19 = 0. Let i(c) = j*c + 5 - 2*c**2 + 3*c**2 - 8*c. Calculate i(-5).
-5
Let t(h) = -h. Let z(o) = -o**3 + 5*o**2 + 3. Let r be z(5). Let w = 4 - r. Let j(c) = -c**2 - 3*c + 3. Let q(x) = w*j(x) + t(x). What is q(2)?
-9
Let b(n) = n**3 + 6*n**2 + 6*n. Let a be b(-5). Let h(x) = -3*x**3 - 5*x**2 + 2. Let t(c) = -4*c**3 - 5*c**2 + 3. Let l(k) = a*h(k) + 4*t(k). Determine l(5).
2
Let c be 0 - 2 - 1*2. Let s(d) = 2*d**2 + 11*d - 5. Let z(w) = -2*w**2 - 12*w + 6. Let v(r) = 6*s(r) + 5*z(r). Calculate v(c).
8
Let z(i) = -i**3 + i**2 - i + 6. Let o be (1 - (2 - 1)) + -2. Let f be o + (18/3)/3. Give z(f).
6
Suppose -t = -2 - 4. Let f(r) = -9*r - 13. Let h(b) = -5*b - 6. Let g(d) = t*f(d) - 11*h(d). Suppose 0*a = -3*a. What is g(a)?
-12
Let d(v) = -v**2 + v + 5. Let f = 5 - 2. Suppose j = -f*j. Give d(j).
5
Suppose -48 = -5*b - 13. Suppose 0 = -3*l - 5*q + q + b, -5*q = 2*l - 14. Let u(t) = t - 2. Determine u(l).
-5
Let y(r) be the first derivative of r**4/4 + 4*r**3/3 - 3*r**2/2 + 5*r - 1. Let o(w) = 13 + 3*w**2 + 33*w - 22*w - 2*w**2. Let j be o(-9). Give y(j).
-5
Let m(q) = -q + 1. Suppose 2*n - 6 = -0. Calculate m(n).
-2
Let s(m) = m**3 - 2*m**2 - m - 2. Suppose -12 = -3*i, 5*o = -4*i + 5 + 36. Suppose 0 = -4*r - r + o. Let a be -1 + 5 + (r - 2). Determine s(a).
4
Let k(m) = 4*m**2 - 2*m - 5 + 10 - 8*m**2 + m**3 + m. Determine k(4).
1
Let r(n) = 6*n**3 + n - 1. Suppose 0 = -6*u + 3*u + 15. Suppose -3 = 2*q - u. Let l be r(q). Let o(f) = f - 3. What is o(l)?
3
Suppose 0 = 4*d - 2 + 14. Suppose -3*j = 2*j - 35. Let q(x) = 2*x - 9. Let s(w) = -5*w + 19. Let t(c) = j*q(c) + 3*s(c). Determine t(d).
-3
Let n = -3 - 4. Let h(z) = -5 - z + 2*z + z**2 + 4*z - 1. Let p(s) = -s**2 - 5*s + 7. Let d(i) = n*h(i) - 6*p(i). Determine d(-5).
0
Let r be 3/(-6) + (-2)/4. Let b(y) = -y**2 - y. Let i(q) = 3*q**2 + 11*q. Let m(u) = r*i(u) - 4*b(u). Give m(4).
-12
Let p = -29 + 30. Let m(x) = -x - 7 + 4 - p. Suppose -5*i - 4*s = 1 - 28, -3*s + 18 = 3*i. Give m(i).
-7
Suppose 2*w - 4*w = -d - 5, -10 = w - 3*d. Let m(y) = -y**3 + 6*y**2 - 5*y + 1. Give m(w).
1
Let g(u) = -u**2 + 11*u + 12. Let m be g(9). Suppose -5*t + 10*t - m = 0. Let k(h) = 0*h**3 - t*h**2 - h**3 + h - 2 + 3*h**2. Calculate k(-3).
-5
Let o(t) be the th